{"id":115,"date":"2022-06-25T19:08:25","date_gmt":"2022-06-25T17:08:25","guid":{"rendered":"http:\/\/kocke-237.de\/concertation\/?page_id=115"},"modified":"2023-09-10T14:50:33","modified_gmt":"2023-09-10T12:50:33","slug":"accueil","status":"publish","type":"page","link":"https:\/\/kocke-237.de\/concertation\/","title":{"rendered":"Nouvelle forme de famille"},"content":{"rendered":"\n<section id=\"Accueil\">\n    <div>\n        <div style=\"text-align: center\">\n            <button style=\"width: 220px;border-radius: 15px;background-color: #E2EFD9;color: #0070C0;font-weight: bold\"><a style=\"color: #0070C0\" href=\"https:\/\/kocke-237.de\/concertation\/#lg\">OSP<\/a> via <a style=\"color: #0070C0\" href=\"https:\/\/kocke-237.de\/les-mekam-tabiegaing\/\">OSC<\/a><\/button>\n            <a href=\"#p1\"><button style=\"width: 150px;border-radius: 15px;background-color: #DAEEF3;color: #0070C0;font-weight: bold\">Fondement<\/button><\/a>\n            <a href=\"#p2\"><button style=\"width: 150px;border-radius: 15px;background-color: #DAEEF3;color: #0070C0;font-weight: bold\">Mission<\/button><\/a>\n        <\/div>\n        <div style=\"text-align: center\">\n            <a href=\"#contact\"><button style=\"width: 190px;border-radius: 15px;background-color: orange;color: #0070C0;font-weight: bold\">S\u2019en convaincre<\/button><\/a>\n        <\/div>\n        <div style=\"background-color: #DEEAF6;border-radius: 15px;color: #0070C0\">\n            <p id=\"p1\">\n                D\u2019enregistrement 2006\/01\/OSP\/RE\/MINAS\/DPAS-OU\/ DDAS \u2013 HP du 07 mars 2006, <a style=\"color: #0070C0\" href=\"https:\/\/kocke-237.de\/concertation\/#lg\">CONCERTATION<\/a> est une \u0152uvre Sociale Priv\u00e9e (OSP), r\u00e9gie par le <a style=\"color: #0070C0\" href=\"https:\/\/kocke-237.de\/concertation\/decret\/#decret-77\/495\">D\u00e9cret N\u00b0 77\/495 du 07 d\u00e9cembre 1977<\/a> de son pays d\u2019origine. Elle est h\u00e9berg\u00e9e par la Dynastie KOCKE dite \u00ab\u00a0<a style=\"color: #0070C0\" href=\"https:\/\/kocke-237.de\/les-mekam-tabiegaing\/\">Les Mekam Tabiegaing<\/a>\u00ab\u00a0.\n            <\/p>\n        <\/div>\n        <div id=\"p2\" style=\"color: red;background-color: #FFF2CC;border-radius: 15px\">\n            <p>\n                Promouvant une <a style=\"color: red\" href=\"https:\/\/kocke-237.de\/concertation\/proposition\/#propositionp1\">nouvelle forme de famille<\/a>, l\u2019\u0153uvre sociale <a style=\"color: red\" href=\"https:\/\/kocke-237.de\/concertation\/#lg\">CONCERTATION<\/a> a pour Promoteur, le cinqui\u00e8me pl\u00e9nipotentiaire de <a style=\"color: red\" href=\"https:\/\/kocke-237.de\/#lg\">KOCKE<\/a> en la personne de <a style=\"color: red\" href=\"https:\/\/kocke-237.de\/les-mekam-tabiegaing\/idees-directrices\/#id-chap1-a1.1\">Mekam Tabiegaing<\/a> <a style=\"color: red\" href=\"https:\/\/kocke-237.de\/les-mekam-tabiegaing\/jkmt6-202109160654\/#sommaire\">6<\/a>, qui a le <a style=\"color: red\" href=\"https:\/\/kocke-237.de\/#gestionp1\">18 octobre 2020<\/a>, \u00e9tabli <a style=\"color: red\" href=\"https:\/\/kocke-237.de\/les-mekam-tabiegaing\/tds\/#tds\">la tradition de supports<\/a> v\u00e9rifi\u00e9e par <a style=\"color: red\" href=\"https:\/\/kocke-237.de\/les-mekam-tabiegaing\/base-des-repertoires\/#repertoireart5\">le fonctionnement par r\u00e9f\u00e9rences av\u00e9r\u00e9es<\/a>, au sein de \u00ab\u00a0<a style=\"color: red\" href=\"https:\/\/kocke-237.de\/les-mekam-tabiegaing\/\">Les Mekam Tabiegaing<\/a>\u00ab\u00a0.\n            <\/p>\n        <\/div>\n        <p style=\"text-align: center\" id=\"lg\"><a href=\"#lg\"><img decoding=\"async\" width=\"200px\" src=\"http:\/\/kocke-237.de\/concertation\/wp-content\/uploads\/sites\/6\/2022\/06\/logo.png\" alt=\"Logo\"><\/a><\/p>\n            \n            <div class=\"contact\" id=\"contact\">\n                <p style=\"text-align: center;font-size: 12px\"><a style=\"color: white\" href=\"https:\/\/kocke-237.de\/concertation\/decret\/#decret-77\/495\">\u0152uvre Sociale<\/a> 2006\/01\/OSP\/RE\/MINAS\/DPAS-OU\/ DDAS \u2013 HP du 07 mars 2006, h\u00e9berg\u00e9e par <a style=\"color: white\" href=\"https:\/\/kocke-237.de\/les-mekam-tabiegaing\/#lg\">KOCKE<\/a><\/p>\n                \n            <\/div>\n    \n            <div id=\"bouton\">\n                <div>\n                    <div style=\"text-align: center\">\n                        <a href=\"#entendement\"><button style=\"width: 190px;border-radius: 15px;background-color: #F2DBDB;color: #0070C0;font-weight: bold\">Entendement<\/button><\/a>\n                        <a href=\"https:\/\/kocke-237.de\/concertation\/proposition\/#proposition\"><button style=\"width: 130px;border-radius: 15px;background-color: #DAEEF3;color: #0070C0;font-weight: bold\">Proposition<\/button><\/a>\n                        <a href=\"https:\/\/kocke-237.de\/concertation\/substance\/#substance\"><button style=\"width: 130px;border-radius: 15px;background-color: #F2DBDB;color: #0070C0;font-weight: bold\">Substance<\/button><\/a>\n                        <a href=\"https:\/\/kocke-237.de\/concertation\/objectif\/#objectif\"><button style=\"width: 130px;border-radius: 15px;background-color: #DAEEF3;color: #0070C0;font-weight: bold\">Objectif<\/button><\/a>\n                    <\/div>\n                    <div style=\"text-align: center;margin-top: 5px\">\n                        <a href=\"https:\/\/kocke-237.de\/concertation\/vivre\/#vivre\"><button style=\"width: 190px;border-radius: 15px;background-color: #F2DBDB;color: #0070C0;font-weight: bold\">Vivre-ensemble<\/button><\/a>\n                        <a href=\"https:\/\/kocke-237.de\/concertation\/recherche\/#recherche\"><button style=\"width: 130px;border-radius: 15px;background-color: #DAEEF3;color: #0070C0;font-weight: bold\">Consensus<\/button><\/a>\n                        <a href=\"https:\/\/kocke-237.de\/concertation\/structure\/#structure\"><button style=\"width: 130px;border-radius: 15px;background-color: #F2DBDB;color: #0070C0;font-weight: bold\">Structure<\/button><\/a>\n                        <a href=\"https:\/\/kocke-237.de\/concertation\/creation\/#creation\"><button style=\"width: 130px;border-radius: 15px;background-color: #DAEEF3;color: #0070C0;font-weight: bold\">Entit\u00e9s<\/button><\/a>\n                    <\/div>\n                    <div style=\"text-align: center;margin-top: 5px\">\n                        <a href=\"https:\/\/kocke-237.de\/concertation\/methodologie\/#methodologie\"><button style=\"width: 190px;border-radius: 15px;background-color: #F2DBDB;color: #0070C0;font-weight: bold\">Methodologie<\/button><\/a>\n                        <a href=\"https:\/\/kocke-237.de\/concertation\/membre\/#membre\"><button style=\"width: 130px;border-radius: 15px;background-color: #DAEEF3;color: #0070C0;font-weight: bold\">Membre<\/button><\/a>\n                        <a href=\"https:\/\/kocke-237.de\/concertation\/insription\/#inscription\"><button style=\"width: 130px;border-radius: 15px;background-color: #F2DBDB;color: #0070C0;font-weight: bold\">Inscription<\/button><\/a>\n                        <a href=\"https:\/\/kocke-237.de\/concertation\/disponibilite\/#disponibilite\"><button style=\"width: 130px;border-radius: 15px;background-color: #DAEEF3;color: #0070C0;font-weight: bold\">Disponibilit\u00e9<\/button><\/a>\n                    <\/div>\n                <\/div><br>\n                \n                <div style=\"text-align: center\">\n                    <a style=\"color: yellow\" href=\"https:\/\/kocke-237.de\/les-mekam-tabiegaing\/#lg\"><button style=\"background-color: blue;color: yellow;font-weight: bold;width: 200px;border-radius: 15px\">Domicile l\u00e9gal<\/button><\/a>\n                    <a style=\"color: yellow\" href=\"https:\/\/kocke-237.de\/concertation\/deploiement\/#deploiement\"><button style=\"background-color: blue;color: yellow;font-weight: bold;width: 200px;border-radius: 15px\">D\u00e9ploiement<\/button><\/a>\n                    <a style=\"color: yellow\" href=\"https:\/\/kocke-237.de\/concertation\/disponibilite\/#disponibilitep1\"><button style=\"background-color: blue;color: yellow;font-weight: bold;width: 200px;border-radius: 15px\">T\u00e9l\u00e9coms<\/button><\/a>\n                <\/div>\n            <\/div>\n            <div id=\"entendement\" class=\"entendement\" style=\"border-radius: 20px;background-color: #F2DBDB\">\n                <p style=\"text-align: center;font-weight: bold\">Entendement du promoteur<\/p>\n                <p id=\"entendementp1\">\n                    De ses relations quotidiennes, le <a style=\"color: #0070C0\" href=\"https:\/\/kocke-237.de\/les-mekam-tabiegaing\/jkmt6-202109160654\/#texte.p6\">Promoteur<\/a> de <a style=\"color: #0070C0\" href=\"https:\/\/kocke-237.de\/concertation\/#lg\">CONCERTATION<\/a> a \n                     observ\u00e9 que s\u2019aimer n\u2019est pas automatique d\u00e8s lors que l\u2019on est du m\u00eame \n                    continent, ou du m\u00eame pays, ou du m\u00eame village, ou de la m\u00eame famille, ou m\u00eame partenaire du couple. Aboutissant \u00e0 la conviction que la \n                    compatibilit\u00e9 des m\u0153urs fait aimer quelles que soient les consid\u00e9rations sociales a d\u00e9cid\u00e9 de donner le meilleur de lui-m\u00eame pour \n                    mieux socialiser. CONCERTATION d\u00e9coule de la volont\u00e9 de <a style=\"color: #0070C0\" href=\"https:\/\/kocke-237.de\/concertation\/proposition\/#propositionp1\">mieux socialiser<\/a>.\n                <\/p>\n            <\/div>\n            <div style=\"text-align: center\">\n                <a href=\"#bouton\"><img decoding=\"async\" src=\"http:\/\/kocke-237.de\/concertation\/wp-content\/uploads\/sites\/6\/2023\/08\/icons-haut.png\" alt=\"\"><\/a>\n            <\/div>\n    <\/div>\n<\/section>\n","protected":false},"excerpt":{"rendered":"<p>OSP via OSC Fondement Mission S\u2019en convaincre D\u2019enregistrement 2006\/01\/OSP\/RE\/MINAS\/DPAS-OU\/ DDAS \u2013 HP du 07 mars 2006, CONCERTATION est une \u0152uvre Sociale Priv\u00e9e (OSP), r\u00e9gie par le D\u00e9cret N\u00b0 77\/495 du 07 d\u00e9cembre 1977 de son pays d\u2019origine. Elle est h\u00e9berg\u00e9e par la Dynastie KOCKE dite \u00ab\u00a0Les Mekam Tabiegaing\u00ab\u00a0. Promouvant une nouvelle forme de famille, l\u2019\u0153uvre sociale CONCERTATION a pour Promoteur, le cinqui\u00e8me pl\u00e9nipotentiaire de KOCKE en la personne de Mekam Tabiegaing 6, qui a le 18 octobre 2020, \u00e9tabli la tradition de supports v\u00e9rifi\u00e9e par le fonctionnement par r\u00e9f\u00e9rences av\u00e9r\u00e9es, au sein de \u00ab\u00a0Les Mekam Tabiegaing\u00ab\u00a0. \u0152uvre Sociale 2006\/01\/OSP\/RE\/MINAS\/DPAS-OU\/ DDAS &hellip; <\/p>\n","protected":false},"author":4,"featured_media":0,"parent":0,"menu_order":0,"comment_status":"closed","ping_status":"closed","template":"","meta":{"_kadence_starter_templates_imported_post":false,"footnotes":""},"_links":{"self":[{"href":"https:\/\/kocke-237.de\/concertation\/wp-json\/wp\/v2\/pages\/115"}],"collection":[{"href":"https:\/\/kocke-237.de\/concertation\/wp-json\/wp\/v2\/pages"}],"about":[{"href":"https:\/\/kocke-237.de\/concertation\/wp-json\/wp\/v2\/types\/page"}],"author":[{"embeddable":true,"href":"https:\/\/kocke-237.de\/concertation\/wp-json\/wp\/v2\/users\/4"}],"replies":[{"embeddable":true,"href":"https:\/\/kocke-237.de\/concertation\/wp-json\/wp\/v2\/comments?post=115"}],"version-history":[{"count":88,"href":"https:\/\/kocke-237.de\/concertation\/wp-json\/wp\/v2\/pages\/115\/revisions"}],"predecessor-version":[{"id":422,"href":"https:\/\/kocke-237.de\/concertation\/wp-json\/wp\/v2\/pages\/115\/revisions\/422"}],"wp:attachment":[{"href":"https:\/\/kocke-237.de\/concertation\/wp-json\/wp\/v2\/media?parent=115"}],"curies":[{"name":"wp","href":"https:\/\/api.w.org\/{rel}","templated":true}]}}