{"id":409,"date":"2023-09-02T16:19:45","date_gmt":"2023-09-02T14:19:45","guid":{"rendered":"https:\/\/kocke-237.de\/concertation\/?page_id=409"},"modified":"2023-09-02T17:32:48","modified_gmt":"2023-09-02T15:32:48","slug":"deploiement","status":"publish","type":"page","link":"https:\/\/kocke-237.de\/concertation\/deploiement\/","title":{"rendered":"D\u00e9ploiement"},"content":{"rendered":"\n<section style=\"border-radius: 15px;border: solid 3px #007bff;color: black\">\n    <div id=\"deploiement\">\n        <h4 style=\"text-align: center\">D\u00e9ploiement<\/h4>\n        <p>\n            Le  <a style=\"color: black\" href=\"https:\/\/kocke-237.de\/concertation\/#entendement\">pr\u00e9ambule<\/a> de <a style=\"color: black\" href=\"https:\/\/kocke-237.de\/concertation\/#lg\">CONCERTATION<\/a> et de son <a style=\"color: black\" href=\"https:\/\/kocke-237.de\/concertation\/objectif\/#objectif\">objectif<\/a>, pr\u00e9sagent des dispositions qui conduisent \u00e0 <a style=\"color: black\" href=\"https:\/\/kocke-237.de\/concertation\/proposition\/#propositionp1\">une nouvelle forme de famille<\/a> o\u00f9, le cosmopolitisme et la cohabitation harmonieuse sont disciplin\u00e9s uniquement par la consid\u00e9ration des id\u00e9es <a style=\"color: black\" href=\"https:\/\/www.google.com\/search?q=pertinent+def&amp;oq=pertinent&amp;aqs=chrome.2.69i57j0l4.83119j1j4&amp;client=ms-android-transsion-tecno-rev1&amp;sourceid=chrome-mobile&amp;ie=UTF-8\">pertinentes<\/a> : non \u00e0 l\u2019<a style=\"color: black\" href=\"https:\/\/www.google.com\/search?q=obscurantisme+def&amp;oq=obscu&amp;aqs=chrome.4.69i57j0l4.25844j0j4&amp;client=ms-android-transsion-tecno-rev1&amp;sourceid=chrome-mobile&amp;ie=UTF-8\">obscurantisme<\/a>, encore plus \u00e0 l\u2019<a style=\"color: black\" href=\"https:\/\/www.google.com\/search?q=imbroglio+def&amp;oq=imbr&amp;aqs=chrome.1.69i57j0l4.14840j0j4&amp;client=ms-android-transsion-tecno-rev1&amp;sourceid=chrome-mobile&amp;ie=UTF-8\">imbroglio<\/a>.\n        <\/p>\n        <p><a style=\"color: black\" href=\"https:\/\/kocke-237.de\/concertation\/#bouton\">Des boutons<\/a> de pr\u00e9sentation de <a style=\"color: black\" href=\"https:\/\/kocke-237.de\/concertation\/#lg\">CONCERTATION<\/a>, celui \u00ab\u00a0<a style=\"color: black\" href=\"https:\/\/kocke-237.de\/concertation\/creation\/#creation\">Entit\u00e9s<\/a>\u00ab\u00a0, qui interpelle tout le monde, \u00e0 son d\u00e9ploiement sur le terrain. CONCERTATION entre en promotion de toute <a style=\"color: black\" href=\"https:\/\/kocke-237.de\/concertation\/creation\/#creation\">Entit\u00e9<\/a> cr\u00e9\u00e9e qui comprend un ou plusieurs de ses <a style=\"color: black\" href=\"https:\/\/kocke-237.de\/concertation\/membre\/#membre\">membres<\/a>, tels ci-dessous par ordre alphab\u00e9tique :<\/p>\n    <\/div>\n    <div style=\"text-align: center;font-family: Helvetica, Arial, sans-serif\">\n        <a href=\"https:\/\/lskmaisonnoble.com\/\"><button style=\"width: 186px;padding: 10px 20px;border-radius: 15px;font-weight: bold;background-color: #007bff;color: #fff;text-align: center;text-decoration: none;font-size: 16px;cursor: pointer\">LSK Maison noble<\/button><\/a>\n        <a href=\"https:\/\/kocke-237.de\/trait-union\/#lg\"><button style=\"width: 186px;padding: 10px 20px;border-radius: 15px;font-weight: bold;background-color: #007bff;color: #fff;text-align: center;text-decoration: none;font-size: 16px;cursor: pointer\">TRAIT D\u2019UNION<\/button><\/a>\n        <a href=\"https:\/\/kocke-237.de\/udb\/#lg\"><button style=\"width: 186px;padding: 10px 20px;border-radius: 15px;font-weight: bold;background-color: #007bff;color: #fff;text-align: center;text-decoration: none;font-size: 16px;cursor: pointer\">UDB<\/button><\/a>\n    <\/div>\n<\/section>\n\n","protected":false},"excerpt":{"rendered":"<p>D\u00e9ploiement Le pr\u00e9ambule de CONCERTATION et de son objectif, pr\u00e9sagent des dispositions qui conduisent \u00e0 une nouvelle forme de famille o\u00f9, le cosmopolitisme et la cohabitation harmonieuse sont disciplin\u00e9s uniquement par la consid\u00e9ration des id\u00e9es pertinentes : non \u00e0 l\u2019obscurantisme, encore plus \u00e0 l\u2019imbroglio. Des boutons de pr\u00e9sentation de CONCERTATION, celui \u00ab\u00a0Entit\u00e9s\u00ab\u00a0, qui interpelle tout le monde, \u00e0 son d\u00e9ploiement sur le terrain. CONCERTATION entre en promotion de toute Entit\u00e9 cr\u00e9\u00e9e qui comprend un ou plusieurs de ses membres, tels ci-dessous par ordre alphab\u00e9tique : LSK Maison noble TRAIT D\u2019UNION UDB<\/p>\n","protected":false},"author":4,"featured_media":0,"parent":0,"menu_order":0,"comment_status":"closed","ping_status":"closed","template":"","meta":{"_kadence_starter_templates_imported_post":false,"footnotes":""},"_links":{"self":[{"href":"https:\/\/kocke-237.de\/concertation\/wp-json\/wp\/v2\/pages\/409"}],"collection":[{"href":"https:\/\/kocke-237.de\/concertation\/wp-json\/wp\/v2\/pages"}],"about":[{"href":"https:\/\/kocke-237.de\/concertation\/wp-json\/wp\/v2\/types\/page"}],"author":[{"embeddable":true,"href":"https:\/\/kocke-237.de\/concertation\/wp-json\/wp\/v2\/users\/4"}],"replies":[{"embeddable":true,"href":"https:\/\/kocke-237.de\/concertation\/wp-json\/wp\/v2\/comments?post=409"}],"version-history":[{"count":9,"href":"https:\/\/kocke-237.de\/concertation\/wp-json\/wp\/v2\/pages\/409\/revisions"}],"predecessor-version":[{"id":419,"href":"https:\/\/kocke-237.de\/concertation\/wp-json\/wp\/v2\/pages\/409\/revisions\/419"}],"wp:attachment":[{"href":"https:\/\/kocke-237.de\/concertation\/wp-json\/wp\/v2\/media?parent=409"}],"curies":[{"name":"wp","href":"https:\/\/api.w.org\/{rel}","templated":true}]}}