{"id":383,"date":"2022-07-14T10:01:57","date_gmt":"2022-07-14T08:01:57","guid":{"rendered":"https:\/\/kocke-237.de\/les-mekam-tabiegaing\/?page_id=383"},"modified":"2022-07-17T12:52:51","modified_gmt":"2022-07-17T10:52:51","slug":"protocoles-daccords","status":"publish","type":"page","link":"https:\/\/kocke-237.de\/les-mekam-tabiegaing\/protocoles-daccords\/","title":{"rendered":"Protocoles fonciers"},"content":{"rendered":"\n<section>\n            <p style=\"text-align: center\"><img decoding=\"async\" src=\"http:\/\/kocke-237.de\/les-mekam-tabiegaing\/wp-content\/uploads\/sites\/5\/2022\/06\/KOCKE.png\" alt=\"Logo KOCKE\"><\/p>\n            <p style=\"text-align: center\">\n                <a href=\"http:\/\/kocke-237.de\/les-mekam-tabiegaing\/\"><img decoding=\"async\" loading=\"lazy\" src=\"http:\/\/kocke-237.de\/les-mekam-tabiegaing\/wp-content\/uploads\/sites\/5\/2022\/07\/LMT-e1657030946266.png\" alt=\"\" width=\"120\" height=\"60\"><\/a>\n                <a href=\"https:\/\/kocke-237.de\/concertation\"><img decoding=\"async\" loading=\"lazy\" src=\"http:\/\/kocke-237.de\/les-mekam-tabiegaing\/wp-content\/uploads\/sites\/5\/2022\/06\/CT.png\" alt=\"\" width=\"120\" height=\"60\"><\/a>\n                <a href=\"http:\/\/kocke-237.de\/trait-union\/\"><img decoding=\"async\" loading=\"lazy\" src=\"http:\/\/kocke-237.de\/les-mekam-tabiegaing\/wp-content\/uploads\/sites\/5\/2022\/06\/TU.jpg\" alt=\"\" width=\"120\" height=\"60\"><\/a>\n                <a href=\"http:\/\/kocke-237.de\/udb\/\"><img decoding=\"async\" loading=\"lazy\" src=\"http:\/\/kocke-237.de\/les-mekam-tabiegaing\/wp-content\/uploads\/sites\/5\/2022\/06\/UDB.png\" alt=\"\" width=\"120\" height=\"60\"><\/a>\n            <\/p>\n            <p style=\"background-color: #0070C0;color: white;font-size: 12px;font-weight: bold\">\n                Par clic sur chacun des ic\u00f4nes ci-dessus, de noms parlants, on arrive \u00e0 plus d\u2019informations ; ainsi qu\u2019\u00e0 certaines prouesses de \n               <a style=\"color: white\" href=\"https:\/\/kocke-237.de\/les-mekam-tabiegaing\/jkmt6-202109160654\/\">Jean KOUAM Mekam Tabiegaing 6.<\/a>\n            <\/p>\n\n            <div style=\"background-color: #0070C0\">\n                <p style=\"font-size: 18px;text-align: center;color: white\">\n                    Protocoles d\u2019accords entre propri\u00e9taires fonciers au sein de <br> \u00ab\u00a0Les Mekam Tabiegaing\u00a0\u00bb\n                <\/p>\n                <p style=\"font-size: 9px;color: white;text-align: center\">LMT_S3a<\/p>\n            <\/div>\n\n            <div style=\"background-color: #DAEEF3;font-size: 10px\">\n               <p>\n                    Se d\u00e9nombre en ce 14 juillet 2022, neuf groupes de propri\u00e9taires foncier au si\u00e8ge social de \u00ab\u00a0Les Mekam Tabiegaing\u00a0\u00bb (LMT) : le <a href=\"https:\/\/kocke-237.de\/les-mekam-tabiegaing\/jkmt6-202109160654\/\">Patriarche num\u00e9ro 6<\/a> et, huit Petites familles. Si des dispositions ne se prennent pas pour trouver des solutions aux probl\u00e8mes fonciers actuels et, pour en anticiper des solutions aux probl\u00e8mes en incubations, la cohabitation pacifique s\u2019en trouvera menac\u00e9e.\n                <\/p>\n\n                <p>\n                    L\u2019investigation en R\u00e9gion d\u2019implantation du si\u00e8ge social de LMT, donnant que les probl\u00e8mes fonciers sont d\u2019ordre social, les plus nombreux, la carte du si\u00e8ge social de LMT, a pr\u00e9occup\u00e9 <a href=\"https:\/\/kocke-237.de\/les-mekam-tabiegaing\/jkmt6-202109160654\/\">Jean KOUAM Mekam Tabiegaing 6<\/a>, d\u00e8s le d\u00e9but de son r\u00e8gne. C\u2019est ainsi qu\u2019il a pu depuis quelques d\u00e9cennies, publier une carte situant sur les lieux ; les formes ; et, les superficies, des neuf groupes de propri\u00e9taires foncier au si\u00e8ge social de LMT. Bien vouloir s\u2019en r\u00e9f\u00e9rer, ainsi qu\u2019aux diverses alertes lanc\u00e9es \u00e7\u00e0 et l\u00e0, pour comprendre combien les probl\u00e8mes fonciers sont inqui\u00e9tants.\n                <\/p>\n\n                <p>\n                    Plusieurs fois manqu\u00e9e, l\u2019immatriculation du si\u00e8ge social de LMT, a connu beaucoup de d\u00e9boires. Le support intitul\u00e9 \u00ab\u00a0Titres-fonciers MT\u00a0\u00bb, relate et renvoie \u00e0 d\u2019autres supports qui consignent aussi, les r\u00e9f\u00e9rences de p\u00e9rip\u00e9ties jusqu\u2019ici connues, en mati\u00e8re de titres de foncier au si\u00e8ge social de LMT.\n                <\/p>\n\n                <p>\n                   <a href=\"https:\/\/kocke-237.de\/les-mekam-tabiegaing\/jkmt6-202109160654\/\">Jean KOUAM Mekam Tabiegaing 6<\/a> conseille vivement aux groupes propri\u00e9taires foncier au si\u00e8ge social de LMT, de se mettre s\u00e9rieusement au travail pour trouver d\u2019idoines solutions aux probl\u00e8mes fonciers. Croyant que des protocoles d\u2019accords aussi bien au sein de groupes qu\u2019externes \u00e0 eux, contribueront \u00e0 faire avancer dans la s\u00e9r\u00e9nit\u00e9 le travail en question, il a pr\u00each\u00e9 par l\u2019exemple en publiant une politique de gestion sur la partie sous son pouvoir.\n                <\/p>\n\n                <p>\n                    Ce support LMT_S3a doit \u00eatre r\u00e9guli\u00e8rement exploit\u00e9 par tout le monde, pour s\u2019approprier chacun, de la quintessence de chacune de ses r\u00e9f\u00e9rences ; aussi, pour proposer au fil du temps d\u2019idoines mises \u00e0 jour. LMT_S3a = Les Mekam Tabiegaing Sujet 3 de libell\u00e9 \u00ab\u00a0Protocoles d\u2019accords entre propri\u00e9taires foncier au si\u00e8ge de LMT\u00a0\u00bb o\u00f9, la lettre \u00ab\u00a0a\u00a0\u00bb indique \u00ab\u00a0La communication\u00a0\u00bb et, qu\u2019apr\u00e8s \u00ab\u00a0&#8211;\u00a0\u00bb est mentionn\u00e9 le num\u00e9ro de la mouture du support.\n                <\/p>\n\n                <p id=\"fonciers\">\n                    O\u00f9 qu\u2019un espace foncier appartienne \u00e0 une entit\u00e9 de LMT, <a href=\"https:\/\/kocke-237.de\/les-mekam-tabiegaing\/jkmt6-202109160654\/\">Jean KOUAM Mekam Tabiegaing 6<\/a> de son exp\u00e9rience, conseille vivement la construction de son histoire. Cette derni\u00e8re instruit les post\u00e9rit\u00e9s et, rend disponibles les r\u00e9f\u00e9rences av\u00e9r\u00e9es en cas de litige. Le cas de \u00ab\u00a0Les Kamdem Youego\u00a0\u00bb peut \u00eatre pris en exemple pour justifier l\u2019importance de ce paragraphe.\n                <\/p>\n\n                <p style=\"color: red\">\n                    Puisse ce support, inspirer en tout lieu g\u00e9ographique, ses propri\u00e9taires fonciers \u00e0 se d\u00e9finir pour chaque parcelle, son protocole d\u2019accords : usage de l\u2019adage \u00ab\u00a0Pr\u00e9venir vaut mieux que gu\u00e9rir\u00a0\u00bb.\n                <\/p>\n            <\/div>\n\n            <div>\n                <p style=\"text-align: center\">\n                    <img decoding=\"async\" src=\"http:\/\/kocke-237.de\/les-mekam-tabiegaing\/wp-content\/uploads\/sites\/5\/2022\/06\/attachement.png\" alt=\"\">\n                <\/p>\n            <\/div>\n            <div style=\"text-align: center\">\n                <div style=\"font-size: 16px\">\n                   <b style=\"background-color: #0ef417;color: #0070C0\"> D\u2019id\u00e9es pertinentes et rien que d\u2019elles, envisager tout :<\/b> <b style=\"background-color: red;color: yellow\">Non \u00e0 l\u2019obscurantisme.<\/b>\n                <\/div>\n\n                <div style=\"font-size: 9px;background-color: #FFC000\">\n                   <b style=\"font-size: 14px\">SMS<\/b>, <b style=\"font-size: 14px\">WhatsApp<\/b>, ou <b style=\"font-size: 14px\">Telegram<\/b>, via <b style=\"font-size: 14px\">+237 6 7757 7994<\/b> ou <b style=\"font-size: 14px\">+237 6 9608 9819<\/b> ; <b style=\"font-size: 11px\">par mail<\/b>.\n                <\/div>    \n\n                <div style=\"background-color: #0ef417\">\n                   <a style=\"color: white\" href=\"https:\/\/chat.whatsapp.com\/6sA2wS6mDIDIVMAXKXN53h\">Acc\u00e8s sans protocole au groupe de discussion permanente : 7\/7 jours en 24\/24 heures<\/a>\n                <\/div>\n            \n            <\/div>\n\n            <div>\n                <p style=\"text-align: center\">\n                    <a href=\"https:\/\/kocke-237.de\/les-mekam-tabiegaing\/nos-textes\/\">Textes organiques de \u00ab\u00a0Les Mekam Tabiegaing\u00a0\u00bb<\/a>\n                <\/p>\n            <\/div>\n\n            <div style=\"text-align: center\">\n               <p style=\"border: solid 4px black;font-size: 18px;background-color: #C2D69B;font-weight: bold;color: red\">\n                    Diff\u00e9rents protocoles d\u2019accords, par ordre de publications au si\u00e8ge de <br>\u00ab\u00a0Les Mekam Tabiegaing\u00a0\u00bb\n                <\/p>\n            <\/div>\n\n            <div style=\"text-align: center;background-color: #00B0F0;color: white;font-size: 27px\">\n                <a style=\"color: white\" href=\"https:\/\/kocke-237.de\/les-mekam-tabiegaing\/jkmt6-202109160654\/\">\n                <p>1\/9<\/p>\n                <p>\n                    Protocole d\u2019accords de la petite famille Jean KOUAM Mekam Tabiegaing 6\n                <\/p>\n                <p style=\"font-size: 9px\">\n                    Mise \u00e0 jour 20220714\n                <\/p>\n                <\/a>\n            <\/div>\n\n            <div style=\"text-align: center;background-color: #00B0F0;color: white;font-size: 27px\">\n                <p>\n                    2\/9\n                <\/p>\n                <p>\n                    Protocole d\u2019accords &#8230;\n                <\/p>\n                <p style=\"font-size: 9px\">\n                    Mise \u00e0 jour &#8230;\n                <\/p>\n            <\/div>\n\n            <div style=\"text-align: center;background-color: #00B0F0;color: white;font-size: 27px\">\n                <p>\n                    3\/9\n                <\/p>\n                <p>\n                    Protocole d\u2019accords &#8230;\n                <\/p>\n                <p style=\"font-size: 9px\">\n                    Mise \u00e0 jour &#8230;\n                <\/p>\n            <\/div>\n\n            <div style=\"text-align: center;background-color: #00B0F0;color: white;font-size: 27px\">\n                <p>\n                    4\/9\n                <\/p>\n                <p>\n                    Protocole d\u2019accords &#8230;\n                <\/p>\n                <p style=\"font-size: 9px\">\n                    Mise \u00e0 jour &#8230;\n                <\/p>\n            <\/div>\n\n            <div style=\"text-align: center;background-color: #00B0F0;color: white;font-size: 27px\">\n                <p>\n                    5\/9\n                <\/p>\n                <p>\n                    Protocole d\u2019accords &#8230;\n                <\/p>\n                <p style=\"font-size: 9px\">\n                    Mise \u00e0 jour &#8230;\n                <\/p>\n            <\/div>\n\n            <div style=\"text-align: center;background-color: #00B0F0;color: white;font-size: 27px\">\n                <p>\n                    6\/9\n                <\/p>\n                <p>\n                    Protocole d\u2019accords &#8230;\n                <\/p>\n                <p style=\"font-size: 9px\">\n                    Mise \u00e0 jour &#8230;\n                <\/p>\n            <\/div>\n\n            <div style=\"text-align: center;background-color: #00B0F0;color: white;font-size: 27px\">\n                <p>\n                    7\/9\n                <\/p>\n                <p>\n                    Protocole d\u2019accords &#8230;\n                <\/p>\n                <p style=\"font-size: 9px\">\n                    Mise \u00e0 jour &#8230;\n                <\/p>\n            <\/div>\n\n            <div style=\"text-align: center;background-color: #00B0F0;color: white;font-size: 27px\">\n                <p>\n                    8\/9\n                <\/p>\n                <p>\n                    Protocole d\u2019accords &#8230;\n                <\/p>\n                <p style=\"font-size: 9px\">\n                    Mise \u00e0 jour &#8230;\n                <\/p>\n            <\/div>\n\n            <div style=\"text-align: center;background-color: #00B0F0;color: white;font-size: 27px\">\n                <p>\n                    9\/9\n                <\/p>\n                <p>\n                    Protocole d\u2019accords &#8230;\n                <\/p>\n                <p style=\"font-size: 9px\">\n                    Mise \u00e0 jour &#8230;\n                <\/p>\n            <\/div>\n\n            <div>\n                <p style=\"text-align: center;font-size: 12px\">\n                    Liens conduisant \u00e0 d\u2019autres protocoles d\u2019accords en \u00ab\u00a0Les Mekam Tabiegaing\u00a0\u00bb\n                <\/p>\n            <\/div>\n\n            <div style=\"background-color: #DBE5F1;color: #00B0F0\">\n                <p>\n                    &#8230;\n                <\/p>\n                <p>\n                    &#8230;\n                <\/p>\n                <p>\n                    &#8230;\n                <\/p>\n                <p>\n                    &#8230;\n                <\/p>\n                <p>\n                    &#8230;\n                <\/p>\n                <p>\n                    &#8230;\n                <\/p>\n                <p>\n                    &#8230;\n                <\/p>\n                <p>\n                    &#8230;\n                <\/p>\n            <\/div>\n            \n        <\/section>\n","protected":false},"excerpt":{"rendered":"<p>Par clic sur chacun des ic\u00f4nes ci-dessus, de noms parlants, on arrive \u00e0 plus d\u2019informations ; ainsi qu\u2019\u00e0 certaines prouesses de Jean KOUAM Mekam Tabiegaing 6. Protocoles d\u2019accords entre propri\u00e9taires fonciers au sein de \u00ab\u00a0Les Mekam Tabiegaing\u00a0\u00bb LMT_S3a Se d\u00e9nombre en ce 14 juillet 2022, neuf groupes de propri\u00e9taires foncier au si\u00e8ge social de \u00ab\u00a0Les Mekam Tabiegaing\u00a0\u00bb (LMT) : le Patriarche num\u00e9ro 6 et, huit Petites familles. Si des dispositions ne se prennent pas pour trouver des solutions aux probl\u00e8mes fonciers actuels et, pour en anticiper des solutions aux probl\u00e8mes en incubations, la cohabitation pacifique s\u2019en trouvera menac\u00e9e. L\u2019investigation en &hellip; <\/p>\n","protected":false},"author":4,"featured_media":0,"parent":0,"menu_order":0,"comment_status":"closed","ping_status":"closed","template":"","meta":{"_kadence_starter_templates_imported_post":false,"footnotes":""},"_links":{"self":[{"href":"https:\/\/kocke-237.de\/les-mekam-tabiegaing\/wp-json\/wp\/v2\/pages\/383"}],"collection":[{"href":"https:\/\/kocke-237.de\/les-mekam-tabiegaing\/wp-json\/wp\/v2\/pages"}],"about":[{"href":"https:\/\/kocke-237.de\/les-mekam-tabiegaing\/wp-json\/wp\/v2\/types\/page"}],"author":[{"embeddable":true,"href":"https:\/\/kocke-237.de\/les-mekam-tabiegaing\/wp-json\/wp\/v2\/users\/4"}],"replies":[{"embeddable":true,"href":"https:\/\/kocke-237.de\/les-mekam-tabiegaing\/wp-json\/wp\/v2\/comments?post=383"}],"version-history":[{"count":4,"href":"https:\/\/kocke-237.de\/les-mekam-tabiegaing\/wp-json\/wp\/v2\/pages\/383\/revisions"}],"predecessor-version":[{"id":428,"href":"https:\/\/kocke-237.de\/les-mekam-tabiegaing\/wp-json\/wp\/v2\/pages\/383\/revisions\/428"}],"wp:attachment":[{"href":"https:\/\/kocke-237.de\/les-mekam-tabiegaing\/wp-json\/wp\/v2\/media?parent=383"}],"curies":[{"name":"wp","href":"https:\/\/api.w.org\/{rel}","templated":true}]}}