{"id":822,"date":"2023-08-27T05:29:56","date_gmt":"2023-08-27T03:29:56","guid":{"rendered":"https:\/\/kocke-237.de\/les-mekam-tabiegaing\/?page_id=822"},"modified":"2023-09-04T15:18:18","modified_gmt":"2023-09-04T13:18:18","slug":"titre-2","status":"publish","type":"page","link":"https:\/\/kocke-237.de\/les-mekam-tabiegaing\/titre-2\/","title":{"rendered":"TITRE 2 : Apports"},"content":{"rendered":"\n<section>\n    <div style=\"background-color: #DAEEF3;color: #0070C0;border-radius: 20px\">\n        <h3 id=\"chartet2\" style=\"text-align: center\">TITRE 2 : Apports<\/h3>\n        <h4 id=\"chartet2a4\">Article 4 : apports<\/h4>\n        <ol>\n            <li id=\"chartet2a4.1\">Les apports \u00e9crits, audio, images, ou vid\u00e9os, relevant exclusivement de <a style=\"color: #0070C0\" href=\"https:\/\/kocke-237.de\/les-mekam-tabiegaing\/charte\/#chartet1a2.2\"><b>l\u2019Article 2<\/b>, <b>Alin\u00e9a 2<\/b><\/a>, constituent les apports attendus des Membres d\u2019une discussion, <b>Alin\u00e9a<\/b> davantage \u00e9tay\u00e9 en celui <a style=\"color: #0070C0\" href=\"https:\/\/kocke-237.de\/les-mekam-tabiegaing\/titre-2\/#chartet2a4.3\">3 du pr\u00e9sent <b>Article<\/b><\/a>.<\/li>\n            <li id=\"chartet2a4.2\">Toutes autres publications en contradiction avec les attentes du forum engagent la responsabilit\u00e9 individuelle du Membre l\u2019ayant partag\u00e9e.<\/li>\n            <li id=\"chartet2a4.3\">Tout sujet (certes strictement devant concerner exclusivement le d\u00e9veloppement social ; local ; et culturel) exprim\u00e9, n\u2019est que d\u2019un Membre ou groupe de Membres bien connu(s) qui par logique devient mod\u00e9rateur principal dudit sujet : r\u00e9pondant aux  diverses sollicitations y relatives. Le moment venu, le Porteur du sujet doit donner une conclusion du fait d\u2019\u00eatre le mieux plac\u00e9 \u00e0 savoir si l\u2019objectif vis\u00e9 au d\u00e9part, est atteint ou pas.<\/li>\n            <li id=\"chartet2a4.4\">L\u2019absence de publication ne saurait constituer une infraction, au vu du pouvoir d\u2019achat de chacun.<\/li>\n            <li id=\"chartet2a4.5\"><a style=\"color: #0070C0\" href=\"https:\/\/kocke-237.de\/les-mekam-tabiegaing\/titre-4-decisions-collectives\/#chartet4a10.2\">Toutes les d\u00e9cisions issues de discussions<\/a>, prennent un caract\u00e8re d\u00e9finitif uniquement lors des validations en <a style=\"color: #0070C0\" href=\"https:\/\/kocke-237.de\/les-mekam-tabiegaing\/chapitre-ii-interventions-ou-publications\/#reglementchap2a2.6\">Assembl\u00e9e G\u00e9n\u00e9rale<\/a>.<\/li>\n            <li id=\"chartet2a4.6\">Forts des m\u00eames droits et devoirs, les Membres d\u2019une discussion, se valent : en dehors de la <a style=\"color: #0070C0\" href=\"https:\/\/www.google.com\/search?q=pertinent+def&amp;oq=pertinent&amp;aqs=chrome.2.69i57j0l4.83119j1j4&amp;client=ms-android-transsion-tecno-rev1&amp;sourceid=chrome-mobile&amp;ie=UTF-8\">pertinence<\/a> en id\u00e9es, personne n\u2019a de le\u00e7ons \u00e0 donner \u00e0 une autre.<\/li>\n        <\/ol>\n    <\/div>\n<\/section>\n<div style=\"text-align: center\">\n    <a href=\"https:\/\/kocke-237.de\/les-mekam-tabiegaing\/charte\/#charte\"><img decoding=\"async\" src=\"http:\/\/kocke-237.de\/concertation\/wp-content\/uploads\/sites\/6\/2023\/08\/icons-retour.png\" alt=\"\"><\/a>\n<\/div>\n","protected":false},"excerpt":{"rendered":"<p>TITRE 2 : Apports Article 4 : apports Les apports \u00e9crits, audio, images, ou vid\u00e9os, relevant exclusivement de l\u2019Article 2, Alin\u00e9a 2, constituent les apports attendus des Membres d\u2019une discussion, Alin\u00e9a davantage \u00e9tay\u00e9 en celui 3 du pr\u00e9sent Article. Toutes autres publications en contradiction avec les attentes du forum engagent la responsabilit\u00e9 individuelle du Membre l\u2019ayant partag\u00e9e. Tout sujet (certes strictement devant concerner exclusivement le d\u00e9veloppement social ; local ; et culturel) exprim\u00e9, n\u2019est que d\u2019un Membre ou groupe de Membres bien connu(s) qui par logique devient mod\u00e9rateur principal dudit sujet : r\u00e9pondant aux diverses sollicitations y relatives. Le moment &hellip; <\/p>\n","protected":false},"author":4,"featured_media":0,"parent":0,"menu_order":0,"comment_status":"closed","ping_status":"closed","template":"","meta":{"_kadence_starter_templates_imported_post":false,"footnotes":""},"_links":{"self":[{"href":"https:\/\/kocke-237.de\/les-mekam-tabiegaing\/wp-json\/wp\/v2\/pages\/822"}],"collection":[{"href":"https:\/\/kocke-237.de\/les-mekam-tabiegaing\/wp-json\/wp\/v2\/pages"}],"about":[{"href":"https:\/\/kocke-237.de\/les-mekam-tabiegaing\/wp-json\/wp\/v2\/types\/page"}],"author":[{"embeddable":true,"href":"https:\/\/kocke-237.de\/les-mekam-tabiegaing\/wp-json\/wp\/v2\/users\/4"}],"replies":[{"embeddable":true,"href":"https:\/\/kocke-237.de\/les-mekam-tabiegaing\/wp-json\/wp\/v2\/comments?post=822"}],"version-history":[{"count":4,"href":"https:\/\/kocke-237.de\/les-mekam-tabiegaing\/wp-json\/wp\/v2\/pages\/822\/revisions"}],"predecessor-version":[{"id":973,"href":"https:\/\/kocke-237.de\/les-mekam-tabiegaing\/wp-json\/wp\/v2\/pages\/822\/revisions\/973"}],"wp:attachment":[{"href":"https:\/\/kocke-237.de\/les-mekam-tabiegaing\/wp-json\/wp\/v2\/media?parent=822"}],"curies":[{"name":"wp","href":"https:\/\/api.w.org\/{rel}","templated":true}]}}