{"id":844,"date":"2023-08-27T08:55:57","date_gmt":"2023-08-27T06:55:57","guid":{"rendered":"https:\/\/kocke-237.de\/les-mekam-tabiegaing\/?page_id=844"},"modified":"2023-09-07T16:55:47","modified_gmt":"2023-09-07T14:55:47","slug":"chapitre-ii-origine","status":"publish","type":"page","link":"https:\/\/kocke-237.de\/les-mekam-tabiegaing\/chapitre-ii-origine\/","title":{"rendered":"Chapitre II : Origine"},"content":{"rendered":"\n<section>\n    <div style=\"background-color: #DAEEF3;color: #0070C0\">\n        <h3 id=\"id-chap2\" style=\"text-align: center\">Chapitre II : Origine<\/h3>    \n        <p id=\"id-chap2-a2.1\">\n            <b>Article 2.1<\/b> \u00ab\u00a0<a style=\"color: #0070C0\" href=\"https:\/\/kocke-237.de\/les-mekam-tabiegaing\/#lg\">Les Mekam Tabiegaing<\/a>\u00a0\u00bb a pour origine <a style=\"color: #0070C0\" href=\"https:\/\/kocke-237.de\/#lg\">KOCKE<\/a>, prince du Royaume Bangoua qui s\u2019est exil\u00e9 dans celui de Baham en 1781 apr\u00e8s un probl\u00e8me de succession \u00e0 leur p\u00e8re.\n        <\/p>\n\n        <p id=\"id-chap2-a2.2\">\n            <b>Article 2.2<\/b> Rompant avec la tradition orale, celle de <a style=\"color: #0070C0\" href=\"https:\/\/kocke-237.de\/les-mekam-tabiegaing\/tds\/#p1\">supports<\/a> \u00e0 la personne \u00ab\u00a0<a style=\"color: #0070C0\" href=\"https:\/\/kocke-237.de\/les-mekam-tabiegaing\/#lg\">Les Mekam Tabiegaing<\/a>\u00a0\u00bb s\u2019inspire de l\u2019initiative de <a style=\"color: #0070C0\" href=\"https:\/\/kocke-237.de\/les-mekam-tabiegaing\/cv\/#Cv\">Jean KOUAM<\/a>, devenu \u00ab\u00a0<a style=\"color: #0070C0\" href=\"https:\/\/kocke-237.de\/les-mekam-tabiegaing\/idees-directrices\/#id-chap1-a1.1\">Mekam Tabiegaing 6<\/a>\u00a0\u00bb le 14 juillet 1981.\n        <\/p>\n    <\/div>\n<\/section>\n<\/div>\n<div style=\"text-align: center\">\n    <a href=\"https:\/\/kocke-237.de\/les-mekam-tabiegaing\/idees-directrices\/#generalites\"><img decoding=\"async\" src=\"http:\/\/kocke-237.de\/concertation\/wp-content\/uploads\/sites\/6\/2023\/08\/icons-retour.png\" alt=\"\"><\/a>\n<\/div>\n","protected":false},"excerpt":{"rendered":"<p>Chapitre II : Origine Article 2.1 \u00ab\u00a0Les Mekam Tabiegaing\u00a0\u00bb a pour origine KOCKE, prince du Royaume Bangoua qui s\u2019est exil\u00e9 dans celui de Baham en 1781 apr\u00e8s un probl\u00e8me de succession \u00e0 leur p\u00e8re. Article 2.2 Rompant avec la tradition orale, celle de supports \u00e0 la personne \u00ab\u00a0Les Mekam Tabiegaing\u00a0\u00bb s\u2019inspire de l\u2019initiative de Jean KOUAM, devenu \u00ab\u00a0Mekam Tabiegaing 6\u00a0\u00bb le 14 juillet 1981.<\/p>\n","protected":false},"author":4,"featured_media":0,"parent":0,"menu_order":0,"comment_status":"closed","ping_status":"closed","template":"","meta":{"_kadence_starter_templates_imported_post":false,"footnotes":""},"_links":{"self":[{"href":"https:\/\/kocke-237.de\/les-mekam-tabiegaing\/wp-json\/wp\/v2\/pages\/844"}],"collection":[{"href":"https:\/\/kocke-237.de\/les-mekam-tabiegaing\/wp-json\/wp\/v2\/pages"}],"about":[{"href":"https:\/\/kocke-237.de\/les-mekam-tabiegaing\/wp-json\/wp\/v2\/types\/page"}],"author":[{"embeddable":true,"href":"https:\/\/kocke-237.de\/les-mekam-tabiegaing\/wp-json\/wp\/v2\/users\/4"}],"replies":[{"embeddable":true,"href":"https:\/\/kocke-237.de\/les-mekam-tabiegaing\/wp-json\/wp\/v2\/comments?post=844"}],"version-history":[{"count":3,"href":"https:\/\/kocke-237.de\/les-mekam-tabiegaing\/wp-json\/wp\/v2\/pages\/844\/revisions"}],"predecessor-version":[{"id":978,"href":"https:\/\/kocke-237.de\/les-mekam-tabiegaing\/wp-json\/wp\/v2\/pages\/844\/revisions\/978"}],"wp:attachment":[{"href":"https:\/\/kocke-237.de\/les-mekam-tabiegaing\/wp-json\/wp\/v2\/media?parent=844"}],"curies":[{"name":"wp","href":"https:\/\/api.w.org\/{rel}","templated":true}]}}