{"id":857,"date":"2023-08-27T09:09:36","date_gmt":"2023-08-27T07:09:36","guid":{"rendered":"https:\/\/kocke-237.de\/les-mekam-tabiegaing\/?page_id=857"},"modified":"2023-09-10T15:11:09","modified_gmt":"2023-09-10T13:11:09","slug":"chapitre-v-structure","status":"publish","type":"page","link":"https:\/\/kocke-237.de\/les-mekam-tabiegaing\/chapitre-v-structure\/","title":{"rendered":"Chapitre V : Structure"},"content":{"rendered":"\n<section>\n    <div style=\"background-color: #DAEEF3;color: #0070C0\">\n        <h3 id=\"id-chap5\" style=\"text-align: center\">Chapitre V : <a href=\"https:\/\/kocke-237.de\/les-mekam-tabiegaing\/attachaement\/#attachement\" style=\"color: #0070C0\">Structure<\/a><\/h3> \n        <p id=\"id-chap5-a5\">\n            <b>Article 5<\/b> Les chapitres I \u00e0 IV (<a style=\"color: #0070C0\" href=\"https:\/\/kocke-237.de\/les-mekam-tabiegaing\/idees-directrices\/#id-chap1\">D\u00e9nomination<\/a> ; <a style=\"color: #0070C0\" href=\"https:\/\/kocke-237.de\/les-mekam-tabiegaing\/idees-directrices\/#id-chap2\">Origine<\/a> ; <a style=\"color: #0070C0\" href=\"https:\/\/kocke-237.de\/les-mekam-tabiegaing\/idees-directrices\/#id-chap3\">Objectif<\/a> ; et, <a style=\"color: #0070C0\" href=\"https:\/\/kocke-237.de\/les-mekam-tabiegaing\/idees-directrices\/#id-chap4\">Membre<\/a>) ci-dessus d\u00e9crivent une <a href=\"https:\/\/kocke-237.de\/les-mekam-tabiegaing\/attachaement\/#attachement\" style=\"color: #0070C0\">structure<\/a> en laquelle pr\u00e9valent :\n        <\/p>\n        <p>\n            <ul>\n                <li>Libert\u00e9 \u00e0 tous, d\u2019opinion ; \u00e9conomique ; et sociale ;<\/li>\n                <li>Devoir \u00e0 chaque parent, de se prendre en charge ainsi que ses mineurs ;<\/li>\n                <li>Que les mineurs sont, sous l\u2019autorit\u00e9 de la personne qui les parraine en majorit\u00e9 de subvention.<\/li>\n            <\/ul>\n        <\/p>\n    <\/div>\n<\/section>\n<div style=\"text-align: center\">\n    <a href=\"https:\/\/kocke-237.de\/les-mekam-tabiegaing\/idees-directrices\/#generalites\"><img decoding=\"async\" src=\"http:\/\/kocke-237.de\/concertation\/wp-content\/uploads\/sites\/6\/2023\/08\/icons-retour.png\" alt=\"\"><\/a>\n<\/div>\n","protected":false},"excerpt":{"rendered":"<p>Chapitre V : Structure Article 5 Les chapitres I \u00e0 IV (D\u00e9nomination ; Origine ; Objectif ; et, Membre) ci-dessus d\u00e9crivent une structure en laquelle pr\u00e9valent : Libert\u00e9 \u00e0 tous, d\u2019opinion ; \u00e9conomique ; et sociale ; Devoir \u00e0 chaque parent, de se prendre en charge ainsi que ses mineurs ; Que les mineurs sont, sous l\u2019autorit\u00e9 de la personne qui les parraine en majorit\u00e9 de subvention.<\/p>\n","protected":false},"author":4,"featured_media":0,"parent":0,"menu_order":0,"comment_status":"closed","ping_status":"closed","template":"","meta":{"_kadence_starter_templates_imported_post":false,"footnotes":""},"_links":{"self":[{"href":"https:\/\/kocke-237.de\/les-mekam-tabiegaing\/wp-json\/wp\/v2\/pages\/857"}],"collection":[{"href":"https:\/\/kocke-237.de\/les-mekam-tabiegaing\/wp-json\/wp\/v2\/pages"}],"about":[{"href":"https:\/\/kocke-237.de\/les-mekam-tabiegaing\/wp-json\/wp\/v2\/types\/page"}],"author":[{"embeddable":true,"href":"https:\/\/kocke-237.de\/les-mekam-tabiegaing\/wp-json\/wp\/v2\/users\/4"}],"replies":[{"embeddable":true,"href":"https:\/\/kocke-237.de\/les-mekam-tabiegaing\/wp-json\/wp\/v2\/comments?post=857"}],"version-history":[{"count":4,"href":"https:\/\/kocke-237.de\/les-mekam-tabiegaing\/wp-json\/wp\/v2\/pages\/857\/revisions"}],"predecessor-version":[{"id":1009,"href":"https:\/\/kocke-237.de\/les-mekam-tabiegaing\/wp-json\/wp\/v2\/pages\/857\/revisions\/1009"}],"wp:attachment":[{"href":"https:\/\/kocke-237.de\/les-mekam-tabiegaing\/wp-json\/wp\/v2\/media?parent=857"}],"curies":[{"name":"wp","href":"https:\/\/api.w.org\/{rel}","templated":true}]}}