{"id":868,"date":"2023-08-27T09:23:58","date_gmt":"2023-08-27T07:23:58","guid":{"rendered":"https:\/\/kocke-237.de\/les-mekam-tabiegaing\/?page_id=868"},"modified":"2023-09-07T18:28:23","modified_gmt":"2023-09-07T16:28:23","slug":"chapitre-viii-logo","status":"publish","type":"page","link":"https:\/\/kocke-237.de\/les-mekam-tabiegaing\/chapitre-viii-logo\/","title":{"rendered":"Chapitre VIII : Logo"},"content":{"rendered":"\n<section>\n    <div style=\"background-color: #FDE9D9;color: #0070C0\">\n        <h3 id=\"id-chap8\" style=\"text-align: center\">Chapitre VIII : Logo<\/h3>\n        <table id=\"id-chap8-a8\">\n            <tr>\n                <td style=\"width: 80%\"><b>Article 8<\/b> Sur fond blanc, le symbole de l\u2019\u00e9l\u00e9vation avec sa base en bleu, sa partie sup\u00e9rieure en vert, et l\u2019\u00e2me en rouge.<\/td>\n                <td style=\"width: 20%;background-color: white\"><img decoding=\"async\" src=\"http:\/\/kocke-237.de\/les-mekam-tabiegaing\/wp-content\/uploads\/sites\/5\/2022\/07\/Fleche.png\" alt=\"\"><\/td>\n            <\/tr>\n        <\/table>\n    <\/div>\n<\/section>\n<div style=\"text-align: center\">\n    <a href=\"https:\/\/kocke-237.de\/les-mekam-tabiegaing\/idees-directrices\/#generalites\"><img decoding=\"async\" src=\"http:\/\/kocke-237.de\/concertation\/wp-content\/uploads\/sites\/6\/2023\/08\/icons-retour.png\" alt=\"\"><\/a>\n<\/div>\n","protected":false},"excerpt":{"rendered":"<p>Chapitre VIII : Logo Article 8 Sur fond blanc, le symbole de l\u2019\u00e9l\u00e9vation avec sa base en bleu, sa partie sup\u00e9rieure en vert, et l\u2019\u00e2me en rouge.<\/p>\n","protected":false},"author":4,"featured_media":0,"parent":0,"menu_order":0,"comment_status":"closed","ping_status":"closed","template":"","meta":{"_kadence_starter_templates_imported_post":false,"footnotes":""},"_links":{"self":[{"href":"https:\/\/kocke-237.de\/les-mekam-tabiegaing\/wp-json\/wp\/v2\/pages\/868"}],"collection":[{"href":"https:\/\/kocke-237.de\/les-mekam-tabiegaing\/wp-json\/wp\/v2\/pages"}],"about":[{"href":"https:\/\/kocke-237.de\/les-mekam-tabiegaing\/wp-json\/wp\/v2\/types\/page"}],"author":[{"embeddable":true,"href":"https:\/\/kocke-237.de\/les-mekam-tabiegaing\/wp-json\/wp\/v2\/users\/4"}],"replies":[{"embeddable":true,"href":"https:\/\/kocke-237.de\/les-mekam-tabiegaing\/wp-json\/wp\/v2\/comments?post=868"}],"version-history":[{"count":3,"href":"https:\/\/kocke-237.de\/les-mekam-tabiegaing\/wp-json\/wp\/v2\/pages\/868\/revisions"}],"predecessor-version":[{"id":984,"href":"https:\/\/kocke-237.de\/les-mekam-tabiegaing\/wp-json\/wp\/v2\/pages\/868\/revisions\/984"}],"wp:attachment":[{"href":"https:\/\/kocke-237.de\/les-mekam-tabiegaing\/wp-json\/wp\/v2\/media?parent=868"}],"curies":[{"name":"wp","href":"https:\/\/api.w.org\/{rel}","templated":true}]}}