{"id":876,"date":"2023-08-27T09:27:13","date_gmt":"2023-08-27T07:27:13","guid":{"rendered":"https:\/\/kocke-237.de\/les-mekam-tabiegaing\/?page_id=876"},"modified":"2023-09-07T16:48:47","modified_gmt":"2023-09-07T14:48:47","slug":"idees-directrices","status":"publish","type":"page","link":"https:\/\/kocke-237.de\/les-mekam-tabiegaing\/idees-directrices\/","title":{"rendered":"IDEES DIRECTRICES"},"content":{"rendered":"\n<section>\n    <div style=\"background-color: #DAEEF3;color: #0070C0\" id=\"ideesdirectrices\">\n        <h2 style=\"text-align: center;background-color: #C2D69B;font-size: 16px;color: #0070C0;border: 4px solid black\">IDEES DIRECTRICES DE \u00ab\u00a0<a style=\"color: #0070C0\" href=\"https:\/\/kocke-237.de\/les-mekam-tabiegaing\/#lg\">LES MEKAM TABIEGAING<\/a>\u00ab\u00a0<\/h2>\n        <h2 style=\"text-align: center;background-color: #0070C0;color: yellow\" id=\"generalites\">GENERALITES<\/h2><br>\n\n        <div style=\"text-align: center\">\n            <div>\n                <a href=\"#id-chap1\"><button style=\"border-radius: 15px;background-color: yellow;color: blue;font-weight: bold;font-size: 17px\">D\u00e9nomination<\/button><\/a>\n                <a href=\"https:\/\/kocke-237.de\/les-mekam-tabiegaing\/chapitre-ii-origine\/#id-chap2\"><button style=\"border-radius: 15px;background-color: #FDE9D9;color: blue;font-weight: bold;font-size: 17px\">Origine<\/button><\/a>\n                <a href=\"https:\/\/kocke-237.de\/les-mekam-tabiegaing\/chapitre-iii-objectif\/#id-chap3\"><button style=\"border-radius: 15px;background-color: yellow;color: blue;font-weight: bold;font-size: 17px\">Objectif<\/button><\/a>\n            <\/div>\n            <div>\n                <a href=\"https:\/\/kocke-237.de\/les-mekam-tabiegaing\/chapitre-iv-membre\/#id-chap4\"><button style=\"border-radius: 15px;background-color: #FDE9D9;color: blue;font-weight: bold;font-size: 17px\">Membre<\/button><\/a>\n                <a href=\"https:\/\/kocke-237.de\/les-mekam-tabiegaing\/chapitre-v-structure\/#id-chap5\"><button style=\"border-radius: 15px;background-color: yellow;color: blue;font-weight: bold;font-size: 17px\">Structure<\/button><\/a>\n                <a href=\"https:\/\/kocke-237.de\/les-mekam-tabiegaing\/chapitre-vi-domicile\/#id-chap6\"><button style=\"border-radius: 15px;background-color: #FDE9D9;color: blue;font-weight: bold;font-size: 17px\">Domicile<\/button><\/a>\n            <\/div>\n            <div>\n                <a href=\"https:\/\/kocke-237.de\/les-mekam-tabiegaing\/chapitre-vii-personnalite-juridique\/#id-chap7\"><button style=\"border-radius: 15px;background-color: yellow;color: blue;font-weight: bold;font-size: 17px\">L\u00e9galisation<\/button><\/a>\n                <a href=\"https:\/\/kocke-237.de\/les-mekam-tabiegaing\/chapitre-viii-logo\/#id-chap8\"><button style=\"border-radius: 15px;background-color: #FDE9D9;color: blue;font-weight: bold;font-size: 17px\">Logo<\/button><\/a>\n                <a href=\"https:\/\/kocke-237.de\/les-mekam-tabiegaing\/chapitre-ix-validite\/#id-chap9\"><button style=\"border-radius: 15px;background-color: yellow;color: blue;font-weight: bold;font-size: 17px\">Validit\u00e9<\/button><\/a>\n            <\/div>\n        <\/div><br>\n\n        <h3 id=\"id-chap1\" style=\"text-align: center\">Chapitre I : D\u00e9nomination<\/h3>\n\n        <p id=\"id-chap1-a1.1\">\n           <b>Article 1.1<\/b> La d\u00e9nomination <a style=\"color: #0070C0\" href=\"https:\/\/kocke-237.de\/les-mekam-tabiegaing\/idees-directrices\/#id-chap1-a1.2\">Mekam Tabiegaing<\/a> est un titre de notabilit\u00e9 attribu\u00e9 par Le Roi KAMDEM I du Royaume Baham \u00e0 <a style=\"color: #0070C0\" href=\"https:\/\/kocke-237.de\/#lg\">KOCKE<\/a> :\n        <\/p>\n\n        <p id=\"id-chap1-a1.1a\">\n            a)\tMekam, notabilit\u00e9 de rang \u00e9troitement li\u00e9 au Souverain du Royaume ; <br>\n           <span id=\"id-chap1-a1.1b\">b)<\/span>\tTabiegaing, litt\u00e9ralement \u00ab\u00a0P\u00e8re de BIEGAING\u00a0\u00bb, surnom de remerciement pour la garde du prince Baham BIEGAING devenu par ailleurs Chef du village Kaffo de Baham.\n        <\/p>\n\n        <p id=\"id-chap1-a1.2\">\n            <b>Article 1.2<\/b> \u00ab\u00a0<a style=\"color: #0070C0\" href=\"https:\/\/kocke-237.de\/les-mekam-tabiegaing\/idees-directrices\/#id-chap1-a1.1\">Mekam Tabiegaing<\/a>\u00a0\u00bb est dit du poste ou de qui l\u2019occupe et \u00ab\u00a0<a style=\"color: #0070C0\" href=\"https:\/\/kocke-237.de\/les-mekam-tabiegaing\/#lg\">Les Mekam Tabiegaing<\/a>\u00a0\u00bb d\u00e9signe la personne morale faite de <a style=\"color: #0070C0\" href=\"https:\/\/kocke-237.de\/#lg\">KOCKE<\/a>, sa descendance, ainsi que d\u2019<a style=\"color: #0070C0\" href=\"https:\/\/kocke-237.de\/les-mekam-tabiegaing\/leitmotiv\/#membre\">adh\u00e9rents<\/a>.\n        <\/p>\n\n        <p id=\"id-chap1-a1.3\">\n            <b>Article 1.3<\/b> Le chiffre qui suit \u00ab\u00a0<a style=\"color: #0070C0\" href=\"https:\/\/kocke-237.de\/les-mekam-tabiegaing\/idees-directrices\/#id-chap1-a1.1\">Mekam Tabiegaing<\/a>\u00ab\u00a0, indique l\u2019ordre de r\u00e8gne des Patriarches. C\u2019est ainsi que <a style=\"color: #0070C0\" href=\"https:\/\/kocke-237.de\/#lg\">KOCKE<\/a> de 1781 \u00e0 1821 est \u00ab\u00a0Mekam Tabiegaing 1\u00a0\u00bb.\n        <\/p>\n\n    <\/div>\n    <div style=\"text-align: center\">\n        <a href=\"https:\/\/kocke-237.de\/les-mekam-tabiegaing\/nos-textes\/#sommaire\"><img decoding=\"async\" src=\"http:\/\/kocke-237.de\/concertation\/wp-content\/uploads\/sites\/6\/2023\/08\/icons-retour.png\" alt=\"\"><\/a>\n    <\/div>\n<\/section>\n","protected":false},"excerpt":{"rendered":"<p>IDEES DIRECTRICES DE \u00ab\u00a0LES MEKAM TABIEGAING\u00ab\u00a0 GENERALITES D\u00e9nomination Origine Objectif Membre Structure Domicile L\u00e9galisation Logo Validit\u00e9 Chapitre I : D\u00e9nomination Article 1.1 La d\u00e9nomination Mekam Tabiegaing est un titre de notabilit\u00e9 attribu\u00e9 par Le Roi KAMDEM I du Royaume Baham \u00e0 KOCKE : a) Mekam, notabilit\u00e9 de rang \u00e9troitement li\u00e9 au Souverain du Royaume ; b) Tabiegaing, litt\u00e9ralement \u00ab\u00a0P\u00e8re de BIEGAING\u00a0\u00bb, surnom de remerciement pour la garde du prince Baham BIEGAING devenu par ailleurs Chef du village Kaffo de Baham. Article 1.2 \u00ab\u00a0Mekam Tabiegaing\u00a0\u00bb est dit du poste ou de qui l\u2019occupe et \u00ab\u00a0Les Mekam Tabiegaing\u00a0\u00bb d\u00e9signe la personne morale &hellip; <\/p>\n","protected":false},"author":4,"featured_media":0,"parent":0,"menu_order":0,"comment_status":"closed","ping_status":"closed","template":"","meta":{"_kadence_starter_templates_imported_post":false,"footnotes":""},"_links":{"self":[{"href":"https:\/\/kocke-237.de\/les-mekam-tabiegaing\/wp-json\/wp\/v2\/pages\/876"}],"collection":[{"href":"https:\/\/kocke-237.de\/les-mekam-tabiegaing\/wp-json\/wp\/v2\/pages"}],"about":[{"href":"https:\/\/kocke-237.de\/les-mekam-tabiegaing\/wp-json\/wp\/v2\/types\/page"}],"author":[{"embeddable":true,"href":"https:\/\/kocke-237.de\/les-mekam-tabiegaing\/wp-json\/wp\/v2\/users\/4"}],"replies":[{"embeddable":true,"href":"https:\/\/kocke-237.de\/les-mekam-tabiegaing\/wp-json\/wp\/v2\/comments?post=876"}],"version-history":[{"count":4,"href":"https:\/\/kocke-237.de\/les-mekam-tabiegaing\/wp-json\/wp\/v2\/pages\/876\/revisions"}],"predecessor-version":[{"id":977,"href":"https:\/\/kocke-237.de\/les-mekam-tabiegaing\/wp-json\/wp\/v2\/pages\/876\/revisions\/977"}],"wp:attachment":[{"href":"https:\/\/kocke-237.de\/les-mekam-tabiegaing\/wp-json\/wp\/v2\/media?parent=876"}],"curies":[{"name":"wp","href":"https:\/\/api.w.org\/{rel}","templated":true}]}}