{"id":920,"date":"2023-08-27T10:58:21","date_gmt":"2023-08-27T08:58:21","guid":{"rendered":"https:\/\/kocke-237.de\/les-mekam-tabiegaing\/?page_id=920"},"modified":"2023-09-08T05:08:51","modified_gmt":"2023-09-08T03:08:51","slug":"chapitre-ii-interventions-ou-publications","status":"publish","type":"page","link":"https:\/\/kocke-237.de\/les-mekam-tabiegaing\/chapitre-ii-interventions-ou-publications\/","title":{"rendered":"Chapitre II : Interventions ou publications"},"content":{"rendered":"\n<section>\n        <h3 id=\"reglementchap2\" style=\"text-align: center\">Chapitre II : Interventions ou publications<\/h3>\n            <p id=\"reglementchap2a2.1\">\n                <b>Article 2.1<\/b> : Par une intervention, ou publication en \u00ab\u00a0<a style=\"color: #0070C0\" href=\"https:\/\/kocke-237.de\/les-mekam-tabiegaing\/#lg\">Les Mekam Tabiegaing<\/a>\u00ab\u00a0, entendre un <a style=\"color: #0070C0\" href=\"https:\/\/www.google.com\/search?q=contenu&amp;oq=contenu&amp;aqs=chrome..69i57j0l4.26807j0j4&amp;client=ms-android-transsion-tecno-rev1&amp;sourceid=chrome-mobile&amp;ie=UTF-8\">contenu<\/a> sur <a style=\"color: #0070C0\" href=\"https:\/\/kocke-237.de\/les-mekam-tabiegaing\/tds\/#p1\">support<\/a> diffus\u00e9, \u00e0 travers ses forums t\u00e9l\u00e9matiques : une <a style=\"color: #0070C0\" href=\"https:\/\/www.google.com\/search?q=reference&amp;oq=re&amp;aqs=chrome.0.69i59j69i57j69i60l2j69i61.8086j0j4&amp;client=ms-android-transsion-tecno-rev1&amp;sourceid=chrome-mobile&amp;ie=UTF-8\">r\u00e9f\u00e9rence<\/a>.\n            <\/p>\n\n            <p id=\"reglementchap2a2.2\">\n                <b>Article 2.2<\/b> : Deux podiums de pronunciamiento, ou m\u00e9dias sont utilis\u00e9s : pour l\u2019expression individuelle (\u00e9l\u00e9ment des composantes ou groupe d\u2019\u00e9l\u00e9ments), un podium dit \u00ab\u00a0Informations et d\u00e9bats\u00a0\u00bb puis, pour l\u2019expression de la personne morale, l\u2019autre dit \u00ab\u00a0Validations\u00a0\u00bb. Le premier sous le label Tribune Mekam Tabiegaing (TMT) est promu via un espace t\u00e9l\u00e9matique d\u00e9nomm\u00e9 \u00ab\u00a0<a style=\"color: #0070C0\" href=\"https:\/\/chat.whatsapp.com\/6sA2wS6mDIDIVMAXKXN53h\">Les Mekam Tabiegaing<\/a>\u00a0\u00bb (<a style=\"color: #0070C0\" href=\"https:\/\/chat.whatsapp.com\/6sA2wS6mDIDIVMAXKXN53h\">LMT<\/a>). Le second, sous le label Journal Officiel Mekam Tabiegaing (JOMT), est intitul\u00e9 \u00ab\u00a0BPG Les Mekam Tabiegaing\u00a0\u00bb.\n            <\/p>\n\n            <p id=\"reglementchap2a2.3\">\n                <b>Article 2.3<\/b> :  Par les Membres du <a style=\"color: #0070C0\" href=\"https:\/\/kocke-237.de\/les-mekam-tabiegaing\/reglement\/#reglementchap1a1.1\">BPG-MT<\/a>, les <a style=\"color: #0070C0\" href=\"https:\/\/www.google.com\/search?q=contenu&amp;oq=contenu&amp;aqs=chrome..69i57j0l4.26807j0j4&amp;client=ms-android-transsion-tecno-rev1&amp;sourceid=chrome-mobile&amp;ie=UTF-8\">contenus<\/a> de <a style=\"color: #0070C0\" href=\"https:\/\/chat.whatsapp.com\/6sA2wS6mDIDIVMAXKXN53h\">LMT<\/a> sont analys\u00e9s. Les <a style=\"color: #0070C0\" href=\"https:\/\/www.google.com\/search?q=contenu&amp;oq=contenu&amp;aqs=chrome..69i57j0l4.26807j0j4&amp;client=ms-android-transsion-tecno-rev1&amp;sourceid=chrome-mobile&amp;ie=UTF-8\">contenus<\/a> de JOMT incombent au <a style=\"color: #0070C0\" href=\"https:\/\/kocke-237.de\/les-mekam-tabiegaing\/reglement\/#reglementchap1a1.1\">BPG-MT<\/a> ; doivent autant que possible, \u00eatre les synth\u00e8ses de ceux de <a style=\"color: #0070C0\" href=\"https:\/\/chat.whatsapp.com\/6sA2wS6mDIDIVMAXKXN53h\">LMT<\/a>. Les m\u00e9dias sont sous l\u2019autorit\u00e9 du <a style=\"color: #0070C0\" href=\"https:\/\/kocke-237.de\/les-mekam-tabiegaing\/reglement\/#reglementchap1a1.1\">BPG-MT<\/a>, qui a l\u2019obligation de diffuser sans discrimination ni censure.\n            <\/p>\n\n            <p id=\"reglementchap2a2.4\">\n                <b>Article 2.4<\/b> : En \u00ab\u00a0<a style=\"color: #0070C0\" href=\"https:\/\/kocke-237.de\/les-mekam-tabiegaing\/#lg\">Les Mekam Tabiegaing<\/a>\u00ab\u00a0, \u00e0 chaque \u00e9l\u00e9ment des <a style=\"color: #0070C0\" href=\"https:\/\/kocke-237.de\/les-mekam-tabiegaing\/leitmotiv\/#membre\">composantes<\/a> ou groupe d\u2019\u00e9l\u00e9ments, <a style=\"color: #0070C0\" href=\"https:\/\/kocke-237.de\/les-mekam-tabiegaing\/charte\/#charte\">la communication<\/a> est libre : aucun sujet n\u2019est tabou ni obligatoire. Les auteurs sont face pour chacun, \u00e0 sa conscience et la censure est du droit de tous : population cible ainsi que de curieux, de mani\u00e8re individuelle ou collective. C\u2019est autrement dire, <a style=\"color: #0070C0\" href=\"https:\/\/kocke-237.de\/les-mekam-tabiegaing\/chapitre-ii-interventions-ou-publications\/#reglementchap2a2.5\">libre expression responsable<\/a>.\n            <\/p>\n\n            <p id=\"reglementchap2a2.5\">\n                <b>Article 2.5<\/b> : Pour aussi bien jouir de paternit\u00e9 d\u2019id\u00e9e, qu\u2019assumer ses <a style=\"color: #0070C0\" href=\"https:\/\/kocke-237.de\/les-mekam-tabiegaing\/chapitre-ii-interventions-ou-publications\/#reglementchap2a2.4\">responsabilit\u00e9s d&rsquo;auteur<\/a>, l\u2019\u00e9l\u00e9ment des <a style=\"color: #0070C0\" href=\"https:\/\/kocke-237.de\/les-mekam-tabiegaing\/leitmotiv\/#membre\">composantes<\/a> ou groupe d\u2019\u00e9l\u00e9ments, qui publie doit situer de quel sujet il est question et, de s\u2019il s\u2019agit d\u2019un sujet en cours de d\u00e9bat ou, d\u2019initiation.\n            <\/p>\n\n            <p id=\"reglementchap2a2.6\">\n                <b>Article 2.6<\/b> : Les s\u00e9ances d\u2019<a style=\"color: #0070C0\" href=\"https:\/\/kocke-237.de\/les-mekam-tabiegaing\/chapitre-ii-fonctionnement\/#organigramechap2a2.2\">AG<\/a>, sont soit <a style=\"color: #0070C0\" href=\"https:\/\/kocke-237.de\/les-mekam-tabiegaing\/chapitre-v-programme\/#art5.3.5slmt\">ordinaires<\/a> soit extraordinaires. Les validations d\u2019<a style=\"color: #0070C0\" href=\"https:\/\/kocke-237.de\/les-mekam-tabiegaing\/chapitre-ii-fonctionnement\/#organigramechap2a2.2\">AG<\/a> sont diffus\u00e9es \u00e0 travers les forums t\u00e9l\u00e9matiques de \u00ab\u00a0<a style=\"color: #0070C0\" href=\"https:\/\/kocke-237.de\/les-mekam-tabiegaing\/#lg\">Les Mekam Tabiegaing<\/a>\u00ab\u00a0. Pendant que les <a style=\"color: #0070C0\" href=\"https:\/\/kocke-237.de\/les-mekam-tabiegaing\/chapitre-v-programme\/#art5.3.5slmt\">s\u00e9ances ordinaires<\/a> sont pr\u00e9vues en <a style=\"color: #0070C0\" href=\"https:\/\/kocke-237.de\/les-mekam-tabiegaing\/smt\/#semaine\">Semaine Mekam Tabiegaing (SMT)<\/a>, chaque s\u00e9ance extraordinaire, est sous l\u2019impulsion d\u2019un \u00e9l\u00e9ment des <a style=\"color: #0070C0\" href=\"https:\/\/kocke-237.de\/les-mekam-tabiegaing\/leitmotiv\/#membre\">composantes<\/a> ou groupe d\u2019\u00e9l\u00e9ments, qui doit l\u2019organiser dans le respect du chapitre <a style=\"color: #0070C0\" href=\"https:\/\/kocke-237.de\/les-mekam-tabiegaing\/chapitre-v-programme\/#slmtchap5\">V<\/a> de la <a style=\"color: #0070C0\" href=\"https:\/\/kocke-237.de\/les-mekam-tabiegaing\/smt\/#art1slmt\">semaine des Mekam Tabiegaing<\/a>. En simplifiant l\u2019<a style=\"color: #0070C0\" href=\"https:\/\/kocke-237.de\/les-mekam-tabiegaing\/chapitre-ii-fonctionnement\/#organigramechap2a2.2\">AG<\/a> extraordinaire, on dira qu\u2019il s\u2019agit de rassembler le quota n\u00e9cessaire, pour une validation. Bien qu\u2019ainsi simplifi\u00e9e, noter que l\u2019<a style=\"color: #0070C0\" href=\"https:\/\/kocke-237.de\/les-mekam-tabiegaing\/chapitre-ii-fonctionnement\/#organigramechap2a2.2\">AG<\/a> extraordinaire, est ais\u00e9e \u00e0 travers les espaces t\u00e9l\u00e9matiques.\n            <\/p>\n\n<\/section>\n<div style=\"text-align: center\">\n    <a href=\"https:\/\/kocke-237.de\/les-mekam-tabiegaing\/reglement\/#bouton\"><img decoding=\"async\" src=\"http:\/\/kocke-237.de\/concertation\/wp-content\/uploads\/sites\/6\/2023\/08\/icons-retour.png\" alt=\"\"><\/a>\n<\/div>\n","protected":false},"excerpt":{"rendered":"<p>Chapitre II : Interventions ou publications Article 2.1 : Par une intervention, ou publication en \u00ab\u00a0Les Mekam Tabiegaing\u00ab\u00a0, entendre un contenu sur support diffus\u00e9, \u00e0 travers ses forums t\u00e9l\u00e9matiques : une r\u00e9f\u00e9rence. Article 2.2 : Deux podiums de pronunciamiento, ou m\u00e9dias sont utilis\u00e9s : pour l\u2019expression individuelle (\u00e9l\u00e9ment des composantes ou groupe d\u2019\u00e9l\u00e9ments), un podium dit \u00ab\u00a0Informations et d\u00e9bats\u00a0\u00bb puis, pour l\u2019expression de la personne morale, l\u2019autre dit \u00ab\u00a0Validations\u00a0\u00bb. Le premier sous le label Tribune Mekam Tabiegaing (TMT) est promu via un espace t\u00e9l\u00e9matique d\u00e9nomm\u00e9 \u00ab\u00a0Les Mekam Tabiegaing\u00a0\u00bb (LMT). Le second, sous le label Journal Officiel Mekam Tabiegaing (JOMT), est &hellip; <\/p>\n","protected":false},"author":4,"featured_media":0,"parent":0,"menu_order":0,"comment_status":"closed","ping_status":"closed","template":"","meta":{"_kadence_starter_templates_imported_post":false,"footnotes":""},"_links":{"self":[{"href":"https:\/\/kocke-237.de\/les-mekam-tabiegaing\/wp-json\/wp\/v2\/pages\/920"}],"collection":[{"href":"https:\/\/kocke-237.de\/les-mekam-tabiegaing\/wp-json\/wp\/v2\/pages"}],"about":[{"href":"https:\/\/kocke-237.de\/les-mekam-tabiegaing\/wp-json\/wp\/v2\/types\/page"}],"author":[{"embeddable":true,"href":"https:\/\/kocke-237.de\/les-mekam-tabiegaing\/wp-json\/wp\/v2\/users\/4"}],"replies":[{"embeddable":true,"href":"https:\/\/kocke-237.de\/les-mekam-tabiegaing\/wp-json\/wp\/v2\/comments?post=920"}],"version-history":[{"count":3,"href":"https:\/\/kocke-237.de\/les-mekam-tabiegaing\/wp-json\/wp\/v2\/pages\/920\/revisions"}],"predecessor-version":[{"id":999,"href":"https:\/\/kocke-237.de\/les-mekam-tabiegaing\/wp-json\/wp\/v2\/pages\/920\/revisions\/999"}],"wp:attachment":[{"href":"https:\/\/kocke-237.de\/les-mekam-tabiegaing\/wp-json\/wp\/v2\/media?parent=920"}],"curies":[{"name":"wp","href":"https:\/\/api.w.org\/{rel}","templated":true}]}}